8) + 5.
-1
What is 3 + -3 + (12 - 11)?
1
What is 14 + -13 - (3 + -1)?
-1
What is -12 - -1 - (-5 + -5)?
-1
What is the value of -4 - (-1 - (11 + -3))?
5
Calculate -18 + (-2 - -13) - -2.
-5
-3 + (-3 - (-3 + 4) - -2)
-5
Evaluate -1 + -4 + 0 - -9.
4
Calculate -15 + 29 - (3 - -5).
6
Calculate 5 + (-4 - -3) + 0 + -7.
-3
3 + -5 + (5 - 2) - -4
5
Calculate -6 + -1 + (14 + -8 - 1).
-2
What is -5 + 5 + -4 + -1?
-5
Calculate (23 - 26) + (2 - 4) + 0.
-5
Evaluate (-1 + 1 + 3 - 0) + 2.
5
Calculate -2 - (-10 + 6 + 0).
2
What is the value of 2 + 2 + (4 - (-5 + 10))?
3
(-1 - (-2 + -2)) + -1 + -7
-5
What is (0 - 10) + (48 - 44)?
-6
Evaluate (-1 + -2 - -8) + (-10 - 4).
-9
-3 + 4 + (-2 + 4 - 3)
0
Calculate 5 + -12 - -14 - (14 + -1).
-6
-3 + -1 + 4 + 0
0
Calculate (-1 - -3) + (9 - (0 + 6)).
5
Calculate -28 - -6 - (-17 + 3).
-8
What is the value of -11 + (7 - (6 - (3 - -1)))?
-6
Evaluate -5 + (-4 - ((-1 - 0) + -5)).
-3
What is the value of (1 + 3 - (3 + 1)) + -2?
-2
Evaluate (1 - -2) + (-29 - -27).
1
Calculate (-1 - 3) + 4 + 1 + -7.
-6
-280 - -281 - (-1 + 0)
2
What is the value of (7 - (-9 - -20)) + 7?
3
62 + -62 - (3 - -1)
-4
What is the value of -9 - (6 - 5 - 9)?
-1
What is (3 - (3 - 4)) + -4?
0
What is the value of (3 - 11) + -1 + 5?
-4
Evaluate 0 + (-2 - 1 - -3).
0
What is -2 + -8 + (13 - 2)?
1
4 - (7 + (2 - 7))
2
-8 + (11 - 3) - -7
7
What is the value of -17 + 21 - (8 + -5)?
1
-6 + -12 + 8 + 7
-3
What is the value of -15 - -18 - (1 + 2)?
0
Evaluate 1 + -6 + 4 + 8 - 11.
-4
What is the value of (4 - 9) + -1 + 1?
-5
What is (-2 - (5 - 1)) + 160 + -155?
-1
4 + 0 - 4 - (0 - -3)
-3
Calculate (-7 - (-3 + 4 - 4)) + 1.
-3
What is -4 + (-4 - -7) + -9?
-10
What is -2 - (-4 - (0 + 0 + -1))?
1
Evaluate (5 - 5) + -1 + 2 + -3.
-2
34 + -33 - (2 - 4) - 2
1
-11 - (-10 + 1 + 5)
-7
Calculate (2 + 3 - 13) + 5.
-3
Evaluate (6 - 3 - -1) + (16 - 22).
-2
-6 - (5 - -1 - (4 - -6))
-2
Calculate (14 - (-3 - -7)) + -7.
3
Calculate -5 + -2 + 1 + (10 - 7).
-3
What is the value of -8 + (6 + -7 - -3 - -4)?
-2
Evaluate 6 + -12 + -3 + 6.
-3
What is -11 - (-16 + -3 + 12)?
-4
What is -10 + 6 + -2 + 0?
-6
What is 39 + -31 - (1 - -4)?
3
(-12 + 7 + 0 - -7) + 5
7
What is 0 - (1 + -4) - 2?
1
What is 6 + -19 + 2 + 5?
-6
Evaluate -12 + (5 + 1 - -1).
-5
Evaluate -3 + (3 - -2) + (3 - 1).
4
What is the value of -76 + 80 + (0 - -1)?
5
3 - 6 - -1 - -3 - 4
-3
4 + (-14 - (-14 - -8))
-4
Calculate -1 + (4 - (6 + -3)) - 0.
0
What is 1 + -5 - (6 + -5) - 0?
-5
What is the value of 2 + 1 - 1 - 0?
2
What is 4 + -15 - (32 + -48)?
5
Evaluate (-4 - (-1 + -2)) + 0 + 2.
1
6 + (6 - (7 + 6)) + 1
0
Calculate (4 - 1) + 7 + -16.
-6
Evaluate (-3 + 6 - 0) + 2.
5
What is the value of 0 + -3 + (-6 - -4 - -5)?
0
What is 4 + (-10 - -2) + 6?
2
Evaluate -8 + 4 + 8 - 5.
-1
Evaluate 9 - 8 - (2 + 1).
-2
Calculate 6 + -13 - -2 - -10.
5
What is -1 - (-7 - (-8 - -5) - 2)?
5
(-7 - (-1 + 2)) + 3 - -10
5
Evaluate (0 - (3 + -5)) + -2.
0
What is the value of 3 + -2 + 7 + -8 + -5?
-5
Calculate (11 - 1) + 29 + -34.
5
Evaluate 1 + (-5 - 2) + 9 + -5.
-2
Calculate 3 + -1 + -2 + -3.
-3
Evaluate -51 - -49 - (6 - 2 - 2).
-4
Evaluate -2 + -11 - -2 - -12.
1
Evaluate -1 - (-2 + -2 + 2).
1
What is the value of -5 + (10 + -7 - -5)?
3
What is the value of -2 - -1 - (-13 - -11)?
1
What is 1 + (-3 - (4 - 2))?
-4
What is 3 - (-2 - (-2 - (-9 - -7)))?
5
What is 5 + -1 - ((5 - -5) + -9)?
3
Evaluate 0 + 0 + (-4 - -2).
-2
What is -1 - (8 + -12 + -2 + 9)?
-4
Calculate (1 - 0) + (-7 - (0 + -8)).
2
What is 303 - 292 - (9 + 0)?
2
Calculate -2 - -5 - (5 + (3 - 5)).
0
Calculate -4 - (3 - (5 + -1)).
-3
-11 - -1 - (3 + -8)
-5
Calculate -29 - -31 - (2 - -4).
-4
Evaluate -3 + 2 + -17 - -10.
-8
Evaluate (3 - -3) + -4 - -2.
4
Calculate 7 - 3 - 5 - (0 + 4).
-5
What is 4 + -8 + 7 + -1?
2
What is the value of (-8 - (-18 - -6)) + -4?
0
Evaluate -9 + -1 + 5 + 0.
-5
Calculate 2 + 3 + -4 + 3.
4
Calculate 0 + 1 + -4 + 5 + -5.
-3
Evaluate -3 + (1 + -4 - (6 - 10)).
-2
What is the value of -12 - -13 - -10 - 7?
4
What is the value of (-7 - -2) + 4 + -3 + -1?
-5
0 + (-2 - (-8 + 0))
6
(7 - 11 - 1) + 2
-3
Calculate -1 + -5 - (8 - 9).
-5
(-3 - 1) + 28 + -18
6
What is the value of -1 + -14 + 7 - -14?
6
Calculate -7 - (-7 + -7 - -9).
-2
Calculate -8 - (-11 + 0) - (-1 + -1).
5
Evaluate -1 + -5 + (-2 - -6) - -4.
2
Evaluate 9 + -19 + -1 + 19.
8
0 + -7 - (22 + -23)
-6
-9 + -1 + 1 + 4 + 7
2
What is the value of 4 + 8 + -12 + (3 - -6)?
9
Evaluate -3 + (-4 - -4) + 1.
-2
Evaluate -4 - -3 - (1 - (0 + 5)).
3
3 + -3 + 0 - -4
4
Evaluate -1 - (-16 + 13 - (1 - 3)).
0
What is the value of 6 + -3 + (-2 - -4) + -2?
3
(-7 - -2) + 9 - -2 - 1
5
What is -2 + -6 + (-1 - -7) + 3?
1
-1 + 1 - (-8 + (-3 - -8))
3
Evaluate (2 - 14) + 17 + -10 + -1.
-6
What is -1 - ((-4 - -3) + 2)?
-2
What is the value of -2 + (-3 - -3) + (-2 - -3)?
-1
Calculate 8 + (-5 - -1) + -16 + 16.
4
Evaluate 1 - (-1 - (0 - 2)).
0
4 - (-6 - (0 + -5))
5
What is the value of 1 + -1 + (-4 - -19) - 7?
8
What is the value of -1 + (-3 - -1 - (13 + -11))?
-5
Evaluate (4 - -1) + (-7 + 22 - 17).
3
(-1 - -8) + 2 + -7
2
Evaluate -7 - (1 + (4 - 14 - -4)).
-2
What is 1 - (-12 + (10 - -1))?
2
What is 9 - (6 - (10 + -5))?
8
Evaluate 3 + -7 + -4 + 3.
-5
What is the value of (0 - -7) + (5 + -2 - 11)?
-1
-1 + 1 - ((4 - 20) + 17)
-1
(-9 - -5) + 8 + -4
0
(0 + -4 - -7) + -5 + 2
0
Evaluate (5 - 3) + (1 - 11) - -4.
-4
Evaluate -1 - (14 + -7 + -5 + 2).
-5
What is the value of -5 + (-3 - (-6 + 0))?
-2
What is the value of (2 - 2) + (-1 - (-7 - -4))?
2
What is the value of (-1 - 0) + (2 - -2)?
3
Evaluate 15 - (4 + 9 + -1).
3
What is the value of 7 + 17 + -7 + -11?
6
Evaluate -1 + 3 - (2 + -1).
1
What is the value of -7 + (16 - 1 - 1) - -2?
9
Evaluate (-3 - -5) + (3 - -1) + -3.
3
What is -10 - (-9 + (-1 - -3))?
-3
What is the value of (5 - 2 - 7) + 1?
-3
What is (-11 - -4) + 14 + -1?
6
What is (-2 - -19) + (160 - 170)?
7
What is -6 + 3 + -6 - -5?
-4
Evaluate -1 + 2 + -3 + 3.
1
-1 + (9 - 6) + -5
-3
Calculate (-2 - -3) + (8 + -3 - 9).
-3
What is the value of 3 + (3 - -2 - 7)?
1
What is the value of 1 - (8 + -3 - (15 - 10))?
1
-6 + -2 + 3 + 2
-3
Calculate -1 + 1 + 3 + 1.
4
1 - 11 - (20 - 26) - 0
-4
What is -5 - -3 - (0 - 0 - 4)?
2
Evaluate 4 - 2 - (-28 - -34).
-4
What is (1 - (5 + -2)) + 7?
5
What is the value of (1 - 8) + 0 + 0?
-7
Evaluate -1 + (-2 - -3) - (4 + 0).
-4
(-5 - (8 - 13)) + -1
-1
What is the value of -1 + 3 - (2 - 0 - -3)?
-3
What is the value of 0 + -4 - -1 - -5?
2
What is the value of (-14 - -18) + -9 + 1?
-4
Evaluate 2 + (-5 - (3 + -1)).
-5
What is -2 + -2 + -13 + 19?
2
9 - 0 - (1 + (3 - 4))
9
What is the value of 5 + 1 + -9 + 2?
-1
Calculate (-1 - 6) + (2 - (1 - 2)).
-4
Calculate 2 + 6 + -7 - 5 - -4.
0
1 - 6 - (1 + -8)
2
Calculate -4 + 1 + (-18 - -7 - -15).
1
What is the value of (14 - (5 - (0 - -6))) + -7?
8
What is the value of 2 - -6 - (7 + -5 + 0)?
6
What is 9 + -2 - (-1 + 3)?
5
What is (1 - 0) + -4 + -5 + 12?
4
(4 - -4) + 0 - 6
2
(16 - 17) + 1 + -1
-1
-3 + -6 - (-16 + (13 - 4))
-2
Evaluate -9 + 0 + (-7 + 7 - -2).
-7
Calculate (-5 + 6 - 1) + -4 + -1.
-5
Evaluate 2 + (-2 - (-4 - -1) - 4).
-1
Evaluate 0 + (4 + -3 - -2).
3
Evaluate 3 - (4 - (2 - (3 - 5))).
3
What is -2 + -3 + 2 - (-15 - -8)?
4
Calculate -1 - (-5 + (2 - 0)) - 0.
2
0 + -1 + 1 + -3
-3
Calculate (13 + -5 - 2) + -2 - 6.
-2
7 - -2 - (7 + -3)
5
Evaluate 4 + -13 + 4 + 6.
1
Evaluate 33 + -32 - (-1 - -5) - -2.
-1
Evaluate -5 + (6 - 0) + -1.
0
0 - -1 - (-3 + (-11 - -20))
-5
(-7 - -14) + -7 + 0
0
What is the value of (-10 - -12) + 5 + -2?
5
What is the value of 3 - (5 + -2) - 5?
-5
Calculate 2 + 2 + 0 - (6 + -8).
6
-1 + (-4 - 2) + 6
-1
Calculate 4 - ((13 - 12) + (3 - -1)).
-1
What is 22 + -18 - (8 - -2 - 2)?
-4
Evaluate (-2 - 0 - -3 - 5) + 3.
-1
Calculate -2 - (3 - (-3 + 5)).
-3
Calculate (-2 - 1 - (-17 - -15)) + -2.
-3
What is -2 + 1 - (-1 - -2 - -2)?
-4
What is the value of -1 - 11 - (-11 + 6) - -1?
-6
What is the value of (2 - 7) + 5 + -1 + 1?
0
Evaluate (-13 - -15) + (1 - 0).
3
What is -11 + 15 - (0 - -4)?
0
Calculate (-1 - -10) + (-6 - -4).
7
Evaluate -8 + 0 + 8 + -6 - -12.
6
-1 + (-2 - (-6 + -1)) - -3
7
What is the value of 2 + -5 + (4 - -2) - 4?
-1
-7 - -2 - (1 + -5 + 1)
-2
Evaluate -2 - (1 - 7 - -8).
-4
What is the value of -4 + (9 - 1) + 1?
5
What is the value of (14 - 18) + (4 - 2) + -1?
-3
Calc